{"id":12,"date":"2017-03-28T21:49:05","date_gmt":"2017-03-28T19:49:05","guid":{"rendered":"http:\/\/www.franciscaines-compiegne.fr\/?page_id=12"},"modified":"2020-09-02T15:26:02","modified_gmt":"2020-09-02T13:26:02","slug":"catechese","status":"publish","type":"page","link":"https:\/\/www.franciscaines-compiegne.fr\/index.php\/catechese\/","title":{"rendered":"Cat\u00e9ch\u00e8se"},"content":{"rendered":"\n<div class=\"wp-block-group\"><div class=\"wp-block-group__inner-container is-layout-flow wp-block-group-is-layout-flow\">\n<p class=\"has-text-color has-text-align-justify has-large-font-size has-luminous-vivid-orange-color\">Les s\u0153urs sont pr\u00e9sentes au cat\u00e9chisme pour \u00e9veiller et accompagner les enfants dans la foi  dans la <a rel=\"noreferrer noopener\" href=\"http:\/\/catoco.net\" target=\"_blank\">Paroisse de Compi\u00e8gne<\/a>, dans les  Institutions  catholiques <a rel=\"noreferrer noopener\" href=\"http:\/\/http:\/\/jeanpaul2compiegne.fr\/\" target=\"_blank\">Jean-Paul II <\/a> et <a rel=\"noreferrer noopener\" href=\"https:\/\/sevigne-compiegne.fr\/lycee-2\/?gclid=Cj0KCQjw6575BRCQARIsAMp-ksPQCvzx-2fSZznxlISnvepXnjtPt5qE4jjUYAKI4lAlCHLYVX3kOikaAsaOEALw_wcB\" target=\"_blank\">S\u00e9vign\u00e9<\/a> .<\/p>\n\n\n\n<p class=\"has-text-color has-large-font-size has-vivid-purple-color\"><a href=\"Pr\u00e9paration aux sacrements, \u00e0 la Profession de Foi, retraites,\"> <\/a>Pr\u00e9paration aux\u00a0sacrements du <span class=\"has-inline-color has-vivid-green-cyan-color\"><strong>bapt\u00eame<\/strong><\/span>, de la <span class=\"has-inline-color has-vivid-green-cyan-color\"><strong>1\u00e8re communion<\/strong><\/span>, et de la <span class=\"has-inline-color has-vivid-green-cyan-color\"><strong>confirmation<\/strong><\/span>.  <\/p>\n<\/div><\/div>\n\n\n\n<h2 class=\"has-text-align-center wp-block-heading\">    <\/h2>\n\n\n\n<h2 class=\"has-text-align-center wp-block-heading\">+++++++++++++++++++++                <\/h2>\n\n\n\n<div class=\"wp-block-jetpack-slideshow aligncenter\" data-autoplay=\"true\" data-delay=\"2\" data-effect=\"slide\"><div class=\"wp-block-jetpack-slideshow_container swiper-container\"><ul class=\"wp-block-jetpack-slideshow_swiper-wrapper swiper-wrapper\"><li class=\"wp-block-jetpack-slideshow_slide swiper-slide\"><figure><img data-recalc-dims=\"1\" loading=\"lazy\" decoding=\"async\" width=\"525\" height=\"358\" alt=\"\" class=\"wp-block-jetpack-slideshow_image wp-image-2441\" data-id=\"2441\" src=\"https:\/\/i0.wp.com\/www.franciscaines-compiegne.fr\/wp-content\/uploads\/soeurs-enfants-1.jpg?resize=525%2C358&#038;ssl=1\" srcset=\"https:\/\/i0.wp.com\/www.franciscaines-compiegne.fr\/wp-content\/uploads\/soeurs-enfants-1.jpg?w=624&amp;ssl=1 624w, https:\/\/i0.wp.com\/www.franciscaines-compiegne.fr\/wp-content\/uploads\/soeurs-enfants-1.jpg?resize=300%2C204&amp;ssl=1 300w\" sizes=\"(max-width: 525px) 100vw, 525px\" \/><\/figure><\/li><li class=\"wp-block-jetpack-slideshow_slide swiper-slide\"><figure><img data-recalc-dims=\"1\" loading=\"lazy\" decoding=\"async\" width=\"525\" height=\"394\" alt=\"\" class=\"wp-block-jetpack-slideshow_image wp-image-2442\" data-id=\"2442\" src=\"https:\/\/i0.wp.com\/www.franciscaines-compiegne.fr\/wp-content\/uploads\/DSCN0260-1-scaled.jpg?resize=525%2C394&#038;ssl=1\" srcset=\"https:\/\/i0.wp.com\/www.franciscaines-compiegne.fr\/wp-content\/uploads\/DSCN0260-1-scaled.jpg?w=2560&amp;ssl=1 2560w, https:\/\/i0.wp.com\/www.franciscaines-compiegne.fr\/wp-content\/uploads\/DSCN0260-1-scaled.jpg?resize=300%2C225&amp;ssl=1 300w, https:\/\/i0.wp.com\/www.franciscaines-compiegne.fr\/wp-content\/uploads\/DSCN0260-1-scaled.jpg?resize=1024%2C768&amp;ssl=1 1024w, https:\/\/i0.wp.com\/www.franciscaines-compiegne.fr\/wp-content\/uploads\/DSCN0260-1-scaled.jpg?resize=768%2C576&amp;ssl=1 768w, https:\/\/i0.wp.com\/www.franciscaines-compiegne.fr\/wp-content\/uploads\/DSCN0260-1-scaled.jpg?resize=1536%2C1152&amp;ssl=1 1536w, https:\/\/i0.wp.com\/www.franciscaines-compiegne.fr\/wp-content\/uploads\/DSCN0260-1-scaled.jpg?resize=2048%2C1536&amp;ssl=1 2048w\" sizes=\"(max-width: 706px) 89vw, (max-width: 767px) 82vw, 740px\" \/><\/figure><\/li><li class=\"wp-block-jetpack-slideshow_slide swiper-slide\"><figure><img data-recalc-dims=\"1\" loading=\"lazy\" decoding=\"async\" width=\"525\" height=\"394\" alt=\"\" class=\"wp-block-jetpack-slideshow_image wp-image-2443\" data-id=\"2443\" src=\"https:\/\/i0.wp.com\/www.franciscaines-compiegne.fr\/wp-content\/uploads\/SDC11197-scaled.jpg?resize=525%2C394&#038;ssl=1\" srcset=\"https:\/\/i0.wp.com\/www.franciscaines-compiegne.fr\/wp-content\/uploads\/SDC11197-scaled.jpg?w=2560&amp;ssl=1 2560w, https:\/\/i0.wp.com\/www.franciscaines-compiegne.fr\/wp-content\/uploads\/SDC11197-scaled.jpg?resize=300%2C225&amp;ssl=1 300w, https:\/\/i0.wp.com\/www.franciscaines-compiegne.fr\/wp-content\/uploads\/SDC11197-scaled.jpg?resize=1024%2C768&amp;ssl=1 1024w, https:\/\/i0.wp.com\/www.franciscaines-compiegne.fr\/wp-content\/uploads\/SDC11197-scaled.jpg?resize=768%2C576&amp;ssl=1 768w, https:\/\/i0.wp.com\/www.franciscaines-compiegne.fr\/wp-content\/uploads\/SDC11197-scaled.jpg?resize=1536%2C1152&amp;ssl=1 1536w, https:\/\/i0.wp.com\/www.franciscaines-compiegne.fr\/wp-content\/uploads\/SDC11197-scaled.jpg?resize=2048%2C1536&amp;ssl=1 2048w\" sizes=\"(max-width: 706px) 89vw, (max-width: 767px) 82vw, 740px\" \/><\/figure><\/li><li class=\"wp-block-jetpack-slideshow_slide swiper-slide\"><figure><img data-recalc-dims=\"1\" loading=\"lazy\" decoding=\"async\" width=\"525\" height=\"394\" alt=\"\" class=\"wp-block-jetpack-slideshow_image wp-image-2444\" data-id=\"2444\" src=\"https:\/\/i0.wp.com\/www.franciscaines-compiegne.fr\/wp-content\/uploads\/SDC11109-scaled.jpg?resize=525%2C394&#038;ssl=1\" srcset=\"https:\/\/i0.wp.com\/www.franciscaines-compiegne.fr\/wp-content\/uploads\/SDC11109-scaled.jpg?w=2560&amp;ssl=1 2560w, https:\/\/i0.wp.com\/www.franciscaines-compiegne.fr\/wp-content\/uploads\/SDC11109-scaled.jpg?resize=300%2C225&amp;ssl=1 300w, https:\/\/i0.wp.com\/www.franciscaines-compiegne.fr\/wp-content\/uploads\/SDC11109-scaled.jpg?resize=1024%2C768&amp;ssl=1 1024w, https:\/\/i0.wp.com\/www.franciscaines-compiegne.fr\/wp-content\/uploads\/SDC11109-scaled.jpg?resize=768%2C576&amp;ssl=1 768w, https:\/\/i0.wp.com\/www.franciscaines-compiegne.fr\/wp-content\/uploads\/SDC11109-scaled.jpg?resize=1536%2C1152&amp;ssl=1 1536w, https:\/\/i0.wp.com\/www.franciscaines-compiegne.fr\/wp-content\/uploads\/SDC11109-scaled.jpg?resize=2048%2C1536&amp;ssl=1 2048w\" sizes=\"(max-width: 706px) 89vw, (max-width: 767px) 82vw, 740px\" \/><\/figure><\/li><li class=\"wp-block-jetpack-slideshow_slide swiper-slide\"><figure><img data-recalc-dims=\"1\" loading=\"lazy\" decoding=\"async\" width=\"525\" height=\"394\" alt=\"\" class=\"wp-block-jetpack-slideshow_image wp-image-2445\" data-id=\"2445\" src=\"https:\/\/i0.wp.com\/www.franciscaines-compiegne.fr\/wp-content\/uploads\/SDC11108-scaled.jpg?resize=525%2C394&#038;ssl=1\" srcset=\"https:\/\/i0.wp.com\/www.franciscaines-compiegne.fr\/wp-content\/uploads\/SDC11108-scaled.jpg?w=2560&amp;ssl=1 2560w, https:\/\/i0.wp.com\/www.franciscaines-compiegne.fr\/wp-content\/uploads\/SDC11108-scaled.jpg?resize=300%2C225&amp;ssl=1 300w, https:\/\/i0.wp.com\/www.franciscaines-compiegne.fr\/wp-content\/uploads\/SDC11108-scaled.jpg?resize=1024%2C768&amp;ssl=1 1024w, https:\/\/i0.wp.com\/www.franciscaines-compiegne.fr\/wp-content\/uploads\/SDC11108-scaled.jpg?resize=768%2C576&amp;ssl=1 768w, https:\/\/i0.wp.com\/www.franciscaines-compiegne.fr\/wp-content\/uploads\/SDC11108-scaled.jpg?resize=1536%2C1152&amp;ssl=1 1536w, https:\/\/i0.wp.com\/www.franciscaines-compiegne.fr\/wp-content\/uploads\/SDC11108-scaled.jpg?resize=2048%2C1536&amp;ssl=1 2048w\" sizes=\"(max-width: 706px) 89vw, (max-width: 767px) 82vw, 740px\" \/><\/figure><\/li><\/ul><a class=\"wp-block-jetpack-slideshow_button-prev swiper-button-prev swiper-button-white\" role=\"button\"><\/a><a class=\"wp-block-jetpack-slideshow_button-next swiper-button-next swiper-button-white\" role=\"button\"><\/a><a aria-label=\"Pause Slideshow\" class=\"wp-block-jetpack-slideshow_button-pause\" role=\"button\"><\/a><div class=\"wp-block-jetpack-slideshow_pagination swiper-pagination swiper-pagination-white\"><\/div><\/div><\/div>\n\n\n\n<p><\/p>\n","protected":false},"excerpt":{"rendered":"<p>Les s\u0153urs sont pr\u00e9sentes au cat\u00e9chisme pour \u00e9veiller et accompagner les enfants dans la foi dans la Paroisse de Compi\u00e8gne, dans les Institutions catholiques Jean-Paul II et S\u00e9vign\u00e9 . Pr\u00e9paration aux\u00a0sacrements du bapt\u00eame, de la 1\u00e8re communion, et de la confirmation. +++++++++++++++++++++<\/p>\n","protected":false},"author":1,"featured_media":0,"parent":0,"menu_order":1,"comment_status":"closed","ping_status":"closed","template":"","meta":{"footnotes":""},"class_list":["post-12","page","type-page","status-publish","hentry"],"jetpack_sharing_enabled":true,"jetpack_shortlink":"https:\/\/wp.me\/P8yPOk-c","_links":{"self":[{"href":"https:\/\/www.franciscaines-compiegne.fr\/index.php\/wp-json\/wp\/v2\/pages\/12","targetHints":{"allow":["GET"]}}],"collection":[{"href":"https:\/\/www.franciscaines-compiegne.fr\/index.php\/wp-json\/wp\/v2\/pages"}],"about":[{"href":"https:\/\/www.franciscaines-compiegne.fr\/index.php\/wp-json\/wp\/v2\/types\/page"}],"author":[{"embeddable":true,"href":"https:\/\/www.franciscaines-compiegne.fr\/index.php\/wp-json\/wp\/v2\/users\/1"}],"replies":[{"embeddable":true,"href":"https:\/\/www.franciscaines-compiegne.fr\/index.php\/wp-json\/wp\/v2\/comments?post=12"}],"version-history":[{"count":19,"href":"https:\/\/www.franciscaines-compiegne.fr\/index.php\/wp-json\/wp\/v2\/pages\/12\/revisions"}],"predecessor-version":[{"id":2575,"href":"https:\/\/www.franciscaines-compiegne.fr\/index.php\/wp-json\/wp\/v2\/pages\/12\/revisions\/2575"}],"wp:attachment":[{"href":"https:\/\/www.franciscaines-compiegne.fr\/index.php\/wp-json\/wp\/v2\/media?parent=12"}],"curies":[{"name":"wp","href":"https:\/\/api.w.org\/{rel}","templated":true}]}}